ts digit of c?
3
Let g(y) = -y**2 + 1 + 2 + 3*y - 2*y. Let o be g(0). What is the tens digit of 2 - -23 - o - 1?
2
Let y(j) = 8*j**2 + 15. Suppose 4*r - 3*s - 1 = -21, -4*s = -4*r - 20. What is the tens digit of y(r)?
1
Let p(a) = -747*a - 116. What is the units digit of p(-4)?
2
Let h = -978 - -2008. What is the hundreds digit of h?
0
Let a(f) = -f**3 - 22*f**2 - 12*f - 17. What is the tens digit of a(-23)?
8
Suppose 7*o + 2668 = 11*o. What is the hundreds digit of o?
6
Suppose -6*a = -4*a - 10. Suppose 2*k = a*c - 4, 0 = -2*c - 0*c + 2*k + 4. Let p(x) = x + 46. What is the tens digit of p(c)?
4
Let y(t) = -14*t - 14. Suppose -2*r + 24 = -4*s, 24 = -4*s + r + 2*r. What is the tens digit of y(s)?
7
Let l(g) = g - 2*g + 6*g + 7 - 7*g. Let y be l(3). What is the units digit of 1/2*34 - y?
6
Let n be 1*(2 - 0) + 2. Suppose 2*y + w - 15 = 0, 2*w = 3*y - 3*w - 55. What is the units digit of n + y - (-6)/(-2)?
1
Let f(s) = 71*s**2 + 1. Let o(r) = r**2 + 4*r + 1. Let h be o(-4). What is the tens digit of f(h)?
7
Suppose 0 = -4*m + 3*b - 2*b + 19, -4*m - 1 = -5*b. Let v(c) = c**2 - 8*c + 14. Let x be v(m). Suppose x*l - 27 = 31. What is the units digit of l?
9
Let d be (6/5)/3 + 48/5. Suppose -4*w = -5*a - 222, d = a + 4*a. What is the units digit of w?
8
Let m = 57 - 54. Suppose s = -m*s + 300. What is the tens digit of s?
7
Let o be -2 - (-2 + (-4)/2). Suppose 0 = o*v - 7*v + 260. What is the units digit of v?
2
Let n be 3/(15/(-10)) - 6 - 3. Suppose -3*v + 305 = 2*v. Let z = v + n. What is the tens digit of z?
5
What is the tens digit of 51/(2/(-48)*-9)?
3
Let f(w) = -509*w - 121. What is the thousands digit of f(-5)?
2
What is the units digit of (439 + -11)*(-3 + (-33)/(-6))?
0
Let h = -185 - -289. What is the tens digit of h?
0
Let s = -509 - -740. Suppose -s - 4 = -5*f. What is the tens digit of f?
4
Let g(l) = -l - 8. Suppose -4*o + 17 = 1. Let z be g(o). What is the units digit of (-11 - z)*(-31)/(-1)?
1
Suppose 135 = 8*t - 3*t - 2*n, 0 = 3*n + 15. Suppose -g = -3*d - 31, 2*d + 2*g - 7*g = 1. Let x = t - d. What is the tens digit of x?
3
Let v(w) = -w - 1. Let l be v(-4). Suppose l*y + 2*y = -55. Let c(q) = -q**2 - 12*q - 3. What is the units digit of c(y)?
8
Let c = -11 - -16. Suppose 0 = -4*y - 2*k + 3*k + 16, -y - 2*k = c. Suppose j + 80 = y*j. What is the units digit of j?
0
Suppose 180 = t + 2*t. Suppose 4*v = -g + t, 2*g - 2*v = -45 + 115. Suppose q = 4*n + g, -n = -q - 4*n + 26. What is the units digit of q?
2
Suppose 0 = -3*j - 5*w + 12, 3*j + 4*w = 6*j + 15. Let c be j/((-4)/(-928)*-2). Suppose 3*m + 38 = c. What is the tens digit of m?
2
Let x be 184/(-16) + 9/6. What is the hundreds digit of -9*((-62)/5)/((-6)/x)?
1
Let x(d) = 3*d**3 - 5*d**2 - 9*d + 10. Let n be x(8). Suppose 5*w = n + 436. What is the tens digit of w/24 - (-1)/(-4)?
1
Let q = 446 + -165. Let d = -57 + q. What is the hundreds digit of d?
2
Let s(u) = 3*u + 85 + 125 - 5*u - u**2. What is the hundreds digit of s(0)?
2
Let x be (-7)/(21/(-288)) + 2 + 1. Suppose -4*s + x + 233 = 0. What is the tens digit of s?
8
Let l = 15 + -15. Suppose l = 7*g - 2*g + 55. Let y(o) = -o**3 - 12*o**2 - 15*o - 12. What is the units digit of y(g)?
2
Suppose 0 = 10*q - 58 - 2. Suppose -245 - 283 = -q*t. What is the units digit of t?
8
Let t = -7 - -17. Let s = 221 + -141. What is the units digit of (11 - t)/(2/s)?
0
Suppose c + 5*k + 6 = -4, -4*k + 10 = -c. Let r be c*2/8*-2. Suppose -r*j + 0*j = -170. What is the tens digit of j?
3
Let d(n) = -2*n + 5. Let z be d(4). Let y be 3 + 0 + -13 + 6. What is the units digit of z - 0/y - -13?
0
What is the thousands digit of (1 + 0)*-1 + -5 - -3025?
3
Suppose 2 = j - c - 5, -15 = -2*j + 3*c. Let f(y) = y**3 - 5*y**2 - 6*y - 5. Let g be f(j). Let n(s) = -11*s + 2. What is the units digit of n(g)?
7
Let a(g) = -3*g + 6. Let o be a(-5). Suppose o*y - 1950 = 16*y. Suppose -4*i - y = -10*i. What is the units digit of i?
5
Let r(t) = -t**2 + t + 8. Suppose 2*y - 2*k = -2, k - 4 = 4*y - 2*k. Let f = -1 - y. What is the units digit of r(f)?
8
Let j(y) = -y**3 - 10*y**2 - 4*y + 5. Suppose -2*s = -3*s - 4*z + 18, -3*z = 3*s - 81. Let b be s/(-9)*(3 + 0). What is the units digit of j(b)?
5
Suppose 4*t = -26 + 42. Suppose -l + 4*b = 3*b - 218, t*l = b + 878. What is the hundreds digit of l?
2
Suppose 0 = 4*l - 70 + 254. Let a = 111 - l. What is the units digit of a?
7
Let n(i) = -i**3 + 10*i**2 - 8*i - 5. Let z be n(9). Let m(o) = -2*o + 8. Let r be m(z). Suppose f + 2 - 34 = r. What is the units digit of f?
2
Suppose 913 - 288 = -5*d. Let l = d - -207. What is the units digit of l?
2
Let a = 75 + -64. What is the tens digit of a?
1
Let z = -400 - -489. What is the units digit of z?
9
Suppose 54 = -3*p - 123. Let v = -22 - p. Let g = 55 - v. What is the units digit of g?
8
Suppose -7*l = -1778 - 1575. Suppose -l = 6*x - 1661. What is the tens digit of x?
9
Suppose 0 = 4*x + x - 125. Suppose -4*i = -4*r + 32, 4*r - x - 11 = 5*i. What is the tens digit of (-2 - -1)/(r/(-108))?
2
Let p(o) = 12 + 3 + 0*o**2 + 2*o**2 - 5*o. What is the units digit of p(6)?
7
Suppose -4*k = -3*y - 1444, 293*y - 291*y = -2*k + 736. What is the tens digit of k?
6
Let f(i) = -i**2 - 7*i + 6. Let a be f(-6). Let h be (-15485)/(-133) - 6/14. What is the tens digit of 12/9 + h/a?
1
Let q = -3 + 6. Let f be q + (0 - 2 - 5). Let v(d) = -6*d - 1. What is the tens digit of v(f)?
2
Let b(g) = g. Let v(c) = -5*c + 3. Let a(s) = 4*b(s) + v(s). Let q be a(3). Suppose -3*k + 35 + 1 = q. What is the units digit of k?
2
Suppose 0 = -10*z + 6*z + 12156. What is the tens digit of z?
3
Let g(h) = 33*h**2 + 2*h - 1. Let b be (1/2)/(14/28). What is the tens digit of g(b)?
3
Suppose 0 = -a + 577 - 73. What is the tens digit of a?
0
Suppose -k - 21 = 28. Let r be (-251)/(-3) + 4/(-6). Let c = r + k. What is the units digit of c?
4
Let j = -1415 + 2818. What is the tens digit of j?
0
Suppose -26*k = -24*k - 2. Suppose -p - 2*p + 24 = 0. What is the units digit of 2*(60/p - k)?
3
Let j(f) = -3*f + 4. Suppose 10*a - 24 = 6*a. Let z be j(a). Let c = 28 + z. What is the units digit of c?
4
Let g(r) = 2*r**2 - 19*r + 22. Suppose -d - 5*m + 2*m + 1 = 0, 5*m + 85 = 5*d. What is the units digit of g(d)?
3
Let w(j) = j**3 + 3*j**2 - 3*j + 4. Let o be w(-4). Suppose -23*y + 21*y + 166 = o. What is the tens digit of y?
8
What is the tens digit of -21*5/15 - -10 - -3144?
4
Suppose 0 = 5*m - 7807 - 4408. What is the hundreds digit of m?
4
Let r(x) = -x**3 - 6*x**2 + 8*x + 11. Let g be r(-7). Suppose -93 = -g*h + 247. What is the tens digit of h?
8
Suppose -2391 = -10*u + 1109. What is the tens digit of u?
5
Suppose -3*d = 2*r - 0*r + 29, -d - 4*r = 13. Let f(h) = -28*h + 9 + 22*h + 0. What is the units digit of f(d)?
3
Suppose 3115 = 6*f - 713. What is the tens digit of f?
3
Suppose 2*b = 5 + 3. Suppose -4*m + 0*z = -z - 168, -168 = -4*m + b*z. Suppose -3*x - 6*w + m = -w, -2*x = -3*w - 28. What is the units digit of x?
4
Suppose -3*j + 12 = -4*d, 0*d = j - 4*d - 4. Suppose 1 - 5 = -4*x, -j*x = 4*y - 244. Suppose 15*r - 10*r - y = 0. What is the tens digit of r?
1
Let a = 2039 + -331. What is the units digit of a?
8
Suppose 0*o - 4*d + 86 = -2*o, 5*o + 176 = -3*d. Let c = 601 + -539. Let a = o + c. What is the tens digit of a?
2
Suppose -5*y = 4*l - 4234, -5*l = -5*y + 62 + 4208. What is the hundreds digit of y?
8
Let b be (16/24)/(2/18). Let c = -2 - b. Let n(a) = -a**3 - 9*a**2 - 10*a - 12. What is the units digit of n(c)?
4
What is the units digit of 2 + 2 - -102 - (-10 - -8)?
8
Let i(m) = m**2 + 7*m + 11. Let b(p) = p**2 - 17*p + 10. Let t be b(16). Let h be i(t). Suppose 172 = h*g - g. What is the units digit of g?
3
Let v be 454*(21/(-6))/7. Let j = v + 160. Let a = j - -123. What is the units digit of a?
6
Let x be (-3756)/(-7) + 15/35. Let i = x + -351. What is the units digit of i?
6
Suppose -4*m - a = -1680, 6*a + 1692 = 4*m + 4*a. What is the tens digit of m?
2
Suppose 0 = -73*s + 76*s. Suppose 3*g - 4*w + 206 = 5*g, -4*g - 5*w + 415 = s. What is the tens digit of g?
0
Let t(j) = j**2 + 5*j + 14. Let b(m) = 2*m**2 + 7*m - 4. Let o be b(-3). What is the tens digit of t(o)?
2
Let x = -264 - -451. What is the hundreds digit of x?
1
Suppose 4 = -k + 8. Let x be ((48/3)/k)/1. Suppose 4*u + 0*m - m - 56 = 0,